{"id":4,"date":"2018-01-24T10:17:39","date_gmt":"2018-01-24T09:17:39","guid":{"rendered":"https:\/\/blog.phzh.ch\/schulfuehrung\/?page_id=4"},"modified":"2024-11-19T17:31:18","modified_gmt":"2024-11-19T16:31:18","slug":"ueber-uns","status":"publish","type":"page","link":"https:\/\/blog.phzh.ch\/schulfuehrung\/ueber-uns\/","title":{"rendered":"\u00dcber uns"},"content":{"rendered":"<p>Wir, die Zentrumsmitglieder Management und Leadership (MAL) der PH Z\u00fcrich sind \u00fcberzeugt, dass sich Schulf\u00fchrungspersonen mit dem Blog Schulf\u00fchrung in ihrem Selbstverst\u00e4ndnis und in ihrem Denken und Handeln best\u00e4rken und anregen.<\/p>\n<p>Mit der Beteiligung am diskursiven Prozess zwischen Praxis, Politik und Wissenschaft halten sich Schulf\u00fchrungspersonen an, ihr Selbstverst\u00e4ndnis und ihr Denken und Handeln, voranzutreiben. Der Blog Schulf\u00fchrung l\u00e4sst Schulf\u00fchrungspersonen an grossen Ideen, an inspirierenden Vorbildern und anregenden Diskussionen auf einfache und niederschwellige Art teilhaben.<\/p>\n<p><strong>Blogverantwortliche<\/strong><\/p>\n<p><a href=\"https:\/\/www.linkedin.com\/in\/melina-maerten-830517177\/?originalSubdomain=ch\">Melina Maerten<\/a>, Verwaltungsassistentin Gesch\u00e4ftsstelle Weiterbildung und Beratung<\/p>\n","protected":false},"excerpt":{"rendered":"<p>Wir, die Zentrumsmitglieder Management und Leadership (MAL) der PH Z\u00fcrich sind \u00fcberzeugt, dass sich Schulf\u00fchrungspersonen mit dem Blog Schulf\u00fchrung in ihrem Selbstverst\u00e4ndnis und in ihrem Denken und Handeln best\u00e4rken und anregen. Mit der Beteiligung am diskursiven Prozess zwischen Praxis, Politik und Wissenschaft halten sich Schulf\u00fchrungspersonen an, ihr Selbstverst\u00e4ndnis und ihr Denken und Handeln, voranzutreiben. Der &hellip; <a href=\"https:\/\/blog.phzh.ch\/schulfuehrung\/ueber-uns\/\" class=\"more-link\"><span class=\"screen-reader-text\">\u00dcber uns<\/span> weiterlesen<\/a><\/p>\n","protected":false},"author":1416,"featured_media":0,"parent":0,"menu_order":0,"comment_status":"closed","ping_status":"closed","template":"","meta":{"sfsi_plus_gutenberg_text_before_share":"","sfsi_plus_gutenberg_show_text_before_share":"","sfsi_plus_gutenberg_icon_type":"","sfsi_plus_gutenberg_icon_alignemt":"","sfsi_plus_gutenburg_max_per_row":"","footnotes":""},"class_list":["post-4","page","type-page","status-publish","hentry"],"yoast_head":"<!-- This site is optimized with the Yoast SEO plugin v26.8 - https:\/\/yoast.com\/product\/yoast-seo-wordpress\/ -->\n<title>\u00dcber uns - Schulf\u00fchrung<\/title>\n<meta name=\"robots\" content=\"index, follow, max-snippet:-1, max-image-preview:large, max-video-preview:-1\" \/>\n<link rel=\"canonical\" href=\"https:\/\/blog.phzh.ch\/schulfuehrung\/ueber-uns\/\" \/>\n<meta property=\"og:locale\" content=\"de_DE\" \/>\n<meta property=\"og:type\" content=\"article\" \/>\n<meta property=\"og:title\" content=\"\u00dcber uns - Schulf\u00fchrung\" \/>\n<meta property=\"og:description\" content=\"Wir, die Zentrumsmitglieder Management und Leadership (MAL) der PH Z\u00fcrich sind \u00fcberzeugt, dass sich Schulf\u00fchrungspersonen mit dem Blog Schulf\u00fchrung in ihrem Selbstverst\u00e4ndnis und in ihrem Denken und Handeln best\u00e4rken und anregen. Mit der Beteiligung am diskursiven Prozess zwischen Praxis, Politik und Wissenschaft halten sich Schulf\u00fchrungspersonen an, ihr Selbstverst\u00e4ndnis und ihr Denken und Handeln, voranzutreiben. Der &hellip; \u00dcber uns weiterlesen\" \/>\n<meta property=\"og:url\" content=\"https:\/\/blog.phzh.ch\/schulfuehrung\/ueber-uns\/\" \/>\n<meta property=\"og:site_name\" content=\"Schulf\u00fchrung\" \/>\n<meta property=\"article:modified_time\" content=\"2024-11-19T16:31:18+00:00\" \/>\n<meta name=\"twitter:card\" content=\"summary_large_image\" \/>\n<meta name=\"twitter:label1\" content=\"Gesch\u00e4tzte Lesezeit\" \/>\n\t<meta name=\"twitter:data1\" content=\"1\u00a0Minute\" \/>\n<script type=\"application\/ld+json\" class=\"yoast-schema-graph\">{\"@context\":\"https:\/\/schema.org\",\"@graph\":[{\"@type\":\"WebPage\",\"@id\":\"https:\/\/blog.phzh.ch\/schulfuehrung\/ueber-uns\/\",\"url\":\"https:\/\/blog.phzh.ch\/schulfuehrung\/ueber-uns\/\",\"name\":\"\u00dcber uns - Schulf\u00fchrung\",\"isPartOf\":{\"@id\":\"https:\/\/blog.phzh.ch\/schulfuehrung\/#website\"},\"datePublished\":\"2018-01-24T09:17:39+00:00\",\"dateModified\":\"2024-11-19T16:31:18+00:00\",\"breadcrumb\":{\"@id\":\"https:\/\/blog.phzh.ch\/schulfuehrung\/ueber-uns\/#breadcrumb\"},\"inLanguage\":\"de\",\"potentialAction\":[{\"@type\":\"ReadAction\",\"target\":[\"https:\/\/blog.phzh.ch\/schulfuehrung\/ueber-uns\/\"]}]},{\"@type\":\"BreadcrumbList\",\"@id\":\"https:\/\/blog.phzh.ch\/schulfuehrung\/ueber-uns\/#breadcrumb\",\"itemListElement\":[{\"@type\":\"ListItem\",\"position\":1,\"name\":\"Startseite\",\"item\":\"https:\/\/blog.phzh.ch\/schulfuehrung\/\"},{\"@type\":\"ListItem\",\"position\":2,\"name\":\"\u00dcber uns\"}]},{\"@type\":\"WebSite\",\"@id\":\"https:\/\/blog.phzh.ch\/schulfuehrung\/#website\",\"url\":\"https:\/\/blog.phzh.ch\/schulfuehrung\/\",\"name\":\"Schulf\u00fchrung\",\"description\":\"phzh.ch\/schulfuehrung\",\"potentialAction\":[{\"@type\":\"SearchAction\",\"target\":{\"@type\":\"EntryPoint\",\"urlTemplate\":\"https:\/\/blog.phzh.ch\/schulfuehrung\/?s={search_term_string}\"},\"query-input\":{\"@type\":\"PropertyValueSpecification\",\"valueRequired\":true,\"valueName\":\"search_term_string\"}}],\"inLanguage\":\"de\"}]}<\/script>\n<!-- \/ Yoast SEO plugin. -->","yoast_head_json":{"title":"\u00dcber uns - Schulf\u00fchrung","robots":{"index":"index","follow":"follow","max-snippet":"max-snippet:-1","max-image-preview":"max-image-preview:large","max-video-preview":"max-video-preview:-1"},"canonical":"https:\/\/blog.phzh.ch\/schulfuehrung\/ueber-uns\/","og_locale":"de_DE","og_type":"article","og_title":"\u00dcber uns - Schulf\u00fchrung","og_description":"Wir, die Zentrumsmitglieder Management und Leadership (MAL) der PH Z\u00fcrich sind \u00fcberzeugt, dass sich Schulf\u00fchrungspersonen mit dem Blog Schulf\u00fchrung in ihrem Selbstverst\u00e4ndnis und in ihrem Denken und Handeln best\u00e4rken und anregen. Mit der Beteiligung am diskursiven Prozess zwischen Praxis, Politik und Wissenschaft halten sich Schulf\u00fchrungspersonen an, ihr Selbstverst\u00e4ndnis und ihr Denken und Handeln, voranzutreiben. Der &hellip; \u00dcber uns weiterlesen","og_url":"https:\/\/blog.phzh.ch\/schulfuehrung\/ueber-uns\/","og_site_name":"Schulf\u00fchrung","article_modified_time":"2024-11-19T16:31:18+00:00","twitter_card":"summary_large_image","twitter_misc":{"Gesch\u00e4tzte Lesezeit":"1\u00a0Minute"},"schema":{"@context":"https:\/\/schema.org","@graph":[{"@type":"WebPage","@id":"https:\/\/blog.phzh.ch\/schulfuehrung\/ueber-uns\/","url":"https:\/\/blog.phzh.ch\/schulfuehrung\/ueber-uns\/","name":"\u00dcber uns - Schulf\u00fchrung","isPartOf":{"@id":"https:\/\/blog.phzh.ch\/schulfuehrung\/#website"},"datePublished":"2018-01-24T09:17:39+00:00","dateModified":"2024-11-19T16:31:18+00:00","breadcrumb":{"@id":"https:\/\/blog.phzh.ch\/schulfuehrung\/ueber-uns\/#breadcrumb"},"inLanguage":"de","potentialAction":[{"@type":"ReadAction","target":["https:\/\/blog.phzh.ch\/schulfuehrung\/ueber-uns\/"]}]},{"@type":"BreadcrumbList","@id":"https:\/\/blog.phzh.ch\/schulfuehrung\/ueber-uns\/#breadcrumb","itemListElement":[{"@type":"ListItem","position":1,"name":"Startseite","item":"https:\/\/blog.phzh.ch\/schulfuehrung\/"},{"@type":"ListItem","position":2,"name":"\u00dcber uns"}]},{"@type":"WebSite","@id":"https:\/\/blog.phzh.ch\/schulfuehrung\/#website","url":"https:\/\/blog.phzh.ch\/schulfuehrung\/","name":"Schulf\u00fchrung","description":"phzh.ch\/schulfuehrung","potentialAction":[{"@type":"SearchAction","target":{"@type":"EntryPoint","urlTemplate":"https:\/\/blog.phzh.ch\/schulfuehrung\/?s={search_term_string}"},"query-input":{"@type":"PropertyValueSpecification","valueRequired":true,"valueName":"search_term_string"}}],"inLanguage":"de"}]}},"_links":{"self":[{"href":"https:\/\/blog.phzh.ch\/schulfuehrung\/wp-json\/wp\/v2\/pages\/4","targetHints":{"allow":["GET"]}}],"collection":[{"href":"https:\/\/blog.phzh.ch\/schulfuehrung\/wp-json\/wp\/v2\/pages"}],"about":[{"href":"https:\/\/blog.phzh.ch\/schulfuehrung\/wp-json\/wp\/v2\/types\/page"}],"author":[{"embeddable":true,"href":"https:\/\/blog.phzh.ch\/schulfuehrung\/wp-json\/wp\/v2\/users\/1416"}],"replies":[{"embeddable":true,"href":"https:\/\/blog.phzh.ch\/schulfuehrung\/wp-json\/wp\/v2\/comments?post=4"}],"version-history":[{"count":10,"href":"https:\/\/blog.phzh.ch\/schulfuehrung\/wp-json\/wp\/v2\/pages\/4\/revisions"}],"predecessor-version":[{"id":6222,"href":"https:\/\/blog.phzh.ch\/schulfuehrung\/wp-json\/wp\/v2\/pages\/4\/revisions\/6222"}],"wp:attachment":[{"href":"https:\/\/blog.phzh.ch\/schulfuehrung\/wp-json\/wp\/v2\/media?parent=4"}],"curies":[{"name":"wp","href":"https:\/\/api.w.org\/{rel}","templated":true}]}}