{"version":"1.0","provider_name":"Schulf\u00fchrung","provider_url":"https:\/\/blog.phzh.ch\/schulfuehrung","title":"\u00dcberg\u00e4nge im 1. Zyklus gemeinsam gestalten - Schulf\u00fchrung","type":"rich","width":600,"height":338,"html":"<blockquote class=\"wp-embedded-content\" data-secret=\"BZ9V3XiHfz\"><a href=\"https:\/\/blog.phzh.ch\/schulfuehrung\/2022\/10\/07\/uebergaenge-im-1-zyklus-gemeinsam-gestalten\/\">\u00dcberg\u00e4nge im 1. Zyklus gemeinsam gestalten<\/a><\/blockquote><iframe sandbox=\"allow-scripts\" security=\"restricted\" src=\"https:\/\/blog.phzh.ch\/schulfuehrung\/2022\/10\/07\/uebergaenge-im-1-zyklus-gemeinsam-gestalten\/embed\/#?secret=BZ9V3XiHfz\" width=\"600\" height=\"338\" title=\"&#8222;\u00dcberg\u00e4nge im 1. Zyklus gemeinsam gestalten&#8220; &#8211; Schulf\u00fchrung\" data-secret=\"BZ9V3XiHfz\" frameborder=\"0\" marginwidth=\"0\" marginheight=\"0\" scrolling=\"no\" class=\"wp-embedded-content\"><\/iframe><script>\n\/*! This file is auto-generated *\/\n!function(d,l){\"use strict\";l.querySelector&&d.addEventListener&&\"undefined\"!=typeof URL&&(d.wp=d.wp||{},d.wp.receiveEmbedMessage||(d.wp.receiveEmbedMessage=function(e){var t=e.data;if((t||t.secret||t.message||t.value)&&!\/[^a-zA-Z0-9]\/.test(t.secret)){for(var s,r,n,a=l.querySelectorAll('iframe[data-secret=\"'+t.secret+'\"]'),o=l.querySelectorAll('blockquote[data-secret=\"'+t.secret+'\"]'),c=new RegExp(\"^https?:$\",\"i\"),i=0;i<o.length;i++)o[i].style.display=\"none\";for(i=0;i<a.length;i++)s=a[i],e.source===s.contentWindow&&(s.removeAttribute(\"style\"),\"height\"===t.message?(1e3<(r=parseInt(t.value,10))?r=1e3:~~r<200&&(r=200),s.height=r):\"link\"===t.message&&(r=new URL(s.getAttribute(\"src\")),n=new URL(t.value),c.test(n.protocol))&&n.host===r.host&&l.activeElement===s&&(d.top.location.href=t.value))}},d.addEventListener(\"message\",d.wp.receiveEmbedMessage,!1),l.addEventListener(\"DOMContentLoaded\",function(){for(var e,t,s=l.querySelectorAll(\"iframe.wp-embedded-content\"),r=0;r<s.length;r++)(t=(e=s[r]).getAttribute(\"data-secret\"))||(t=Math.random().toString(36).substring(2,12),e.src+=\"#?secret=\"+t,e.setAttribute(\"data-secret\",t)),e.contentWindow.postMessage({message:\"ready\",secret:t},\"*\")},!1)))}(window,document);\n<\/script>\n","thumbnail_url":"http:\/\/blog.phzh.ch\/schulfuehrung\/files\/2022\/10\/lit_Titelbild_Uebergang-Zyklus1.png","thumbnail_width":885,"thumbnail_height":278,"description":"In Zusammenarbeit mit dem Volksschulamt Z\u00fcrich, dem Institut Unterstrass und engagierten Schulgemeinden sind Leitf\u00e4den und Filme zur gemeinsamen und zeitgem\u00e4ssen \u00dcbergangsgestaltung im 1. Zyklus entstanden. Der Fokus liegt auf konkreten, praktisch umsetzbaren Empfehlungen und dem Einbezug aller Beteiligten (Gemeinde, Schule und Betreuung, Kinder und ihre Eltern). Natalie Geiger zeigt auf, wie der \u00dcbertritt gemeinsam gestaltet &hellip; weiterlesen"}

Schulführung

Übergänge im 1. Zyklus gemeinsam gestalten - Schulführung

<blockquote class="wp-embedded-content" data-secret="BZ9V3XiHfz"><a href="https://blog.phzh.ch/schulfuehrung/2022/10/07/uebergaenge-im-1-zyklus-gemeinsam-gestalten/">Übergänge im 1. Zyklus gemeinsam gestalten</a></blockquote><iframe sandbox="allow-scripts" security="restricted" src="https://blog.phzh.ch/schulfuehrung/2022/10/07/uebergaenge-im-1-zyklus-gemeinsam-gestalten/embed/#?secret=BZ9V3XiHfz" width="600" height="338" title="&#8222;Übergänge im 1. Zyklus gemeinsam gestalten&#8220; &#8211; Schulführung" data-secret="BZ9V3XiHfz" frameborder="0" marginwidth="0" marginheight="0" scrolling="no" class="wp-embedded-content"></iframe><script>
/*! This file is auto-generated */
!function(d,l){"use strict";l.querySelector&&d.addEventListener&&"undefined"!=typeof URL&&(d.wp=d.wp||{},d.wp.receiveEmbedMessage||(d.wp.receiveEmbedMessage=function(e){var t=e.data;if((t||t.secret||t.message||t.value)&&!/[^a-zA-Z0-9]/.test(t.secret)){for(var s,r,n,a=l.querySelectorAll('iframe[data-secret="'+t.secret+'"]'),o=l.querySelectorAll('blockquote[data-secret="'+t.secret+'"]'),c=new RegExp("^https?:$","i"),i=0;i<o.length;i++)o[i].style.display="none";for(i=0;i<a.length;i++)s=a[i],e.source===s.contentWindow&&(s.removeAttribute("style"),"height"===t.message?(1e3<(r=parseInt(t.value,10))?r=1e3:~~r<200&&(r=200),s.height=r):"link"===t.message&&(r=new URL(s.getAttribute("src")),n=new URL(t.value),c.test(n.protocol))&&n.host===r.host&&l.activeElement===s&&(d.top.location.href=t.value))}},d.addEventListener("message",d.wp.receiveEmbedMessage,!1),l.addEventListener("DOMContentLoaded",function(){for(var e,t,s=l.querySelectorAll("iframe.wp-embedded-content"),r=0;r<s.length;r++)(t=(e=s[r]).getAttribute("data-secret"))||(t=Math.random().toString(36).substring(2,12),e.src+="#?secret="+t,e.setAttribute("data-secret",t)),e.contentWindow.postMessage({message:"ready",secret:t},"*")},!1)))}(window,document);
</script>

In Zusammenarbeit mit dem Volksschulamt Zürich, dem Institut Unterstrass und engagierten Schulgemeinden sind Leitfäden und Filme zur gemeinsamen und zeitgemässen Übergangsgestaltung im 1. Zyklus entstanden. Der Fokus liegt auf konkreten, praktisch umsetzbaren Empfehlungen und dem Einbezug aller Beteiligten (Gemeinde, Schule und Betreuung, Kinder und ihre Eltern). Natalie Geiger zeigt auf, wie der Übertritt gemeinsam gestaltet &hellip; weiterlesen
