{"version":"1.0","provider_name":"Schulf\u00fchrung","provider_url":"https:\/\/blog.phzh.ch\/schulfuehrung","title":"Die (neue) Krise der Erziehung - Schulf\u00fchrung","type":"rich","width":600,"height":338,"html":"<blockquote class=\"wp-embedded-content\" data-secret=\"ykOoQWtOEd\"><a href=\"https:\/\/blog.phzh.ch\/schulfuehrung\/2021\/11\/09\/die-neue-krise-der-erziehung\/\">Die (neue) Krise der Erziehung<\/a><\/blockquote><iframe sandbox=\"allow-scripts\" security=\"restricted\" src=\"https:\/\/blog.phzh.ch\/schulfuehrung\/2021\/11\/09\/die-neue-krise-der-erziehung\/embed\/#?secret=ykOoQWtOEd\" width=\"600\" height=\"338\" title=\"&#8222;Die (neue) Krise der Erziehung&#8220; &#8211; Schulf\u00fchrung\" data-secret=\"ykOoQWtOEd\" frameborder=\"0\" marginwidth=\"0\" marginheight=\"0\" scrolling=\"no\" class=\"wp-embedded-content\"><\/iframe><script>\n\/*! This file is auto-generated *\/\n!function(d,l){\"use strict\";l.querySelector&&d.addEventListener&&\"undefined\"!=typeof URL&&(d.wp=d.wp||{},d.wp.receiveEmbedMessage||(d.wp.receiveEmbedMessage=function(e){var t=e.data;if((t||t.secret||t.message||t.value)&&!\/[^a-zA-Z0-9]\/.test(t.secret)){for(var s,r,n,a=l.querySelectorAll('iframe[data-secret=\"'+t.secret+'\"]'),o=l.querySelectorAll('blockquote[data-secret=\"'+t.secret+'\"]'),c=new RegExp(\"^https?:$\",\"i\"),i=0;i<o.length;i++)o[i].style.display=\"none\";for(i=0;i<a.length;i++)s=a[i],e.source===s.contentWindow&&(s.removeAttribute(\"style\"),\"height\"===t.message?(1e3<(r=parseInt(t.value,10))?r=1e3:~~r<200&&(r=200),s.height=r):\"link\"===t.message&&(r=new URL(s.getAttribute(\"src\")),n=new URL(t.value),c.test(n.protocol))&&n.host===r.host&&l.activeElement===s&&(d.top.location.href=t.value))}},d.addEventListener(\"message\",d.wp.receiveEmbedMessage,!1),l.addEventListener(\"DOMContentLoaded\",function(){for(var e,t,s=l.querySelectorAll(\"iframe.wp-embedded-content\"),r=0;r<s.length;r++)(t=(e=s[r]).getAttribute(\"data-secret\"))||(t=Math.random().toString(36).substring(2,12),e.src+=\"#?secret=\"+t,e.setAttribute(\"data-secret\",t)),e.contentWindow.postMessage({message:\"ready\",secret:t},\"*\")},!1)))}(window,document);\n<\/script>\n","thumbnail_url":"https:\/\/blog.phzh.ch\/schulfuehrung\/files\/2021\/11\/Titelbild-doppelte-Verantwortung-thomas-Marti.jpg","thumbnail_width":640,"thumbnail_height":480,"description":"Es ist wichtig, den operativen Rahmen von Schulf\u00fchrung regelm\u00e4ssig zu erweitern. Die Kritik an den Schulen ist popul\u00e4r, baut aber mitunter auf Defizitdiskursen auf. Es lohnt sich, den Problemraum zu erweitern, bis hin zu Hannah Arendt, die sich deutlich zu einer damaligen Krise der Erziehung ge\u00e4ussert hat. Und heute? Thomas Marti mit dem 1. Teil &hellip; weiterlesen"}

Schulführung

Die (neue) Krise der Erziehung - Schulführung

<blockquote class="wp-embedded-content" data-secret="ykOoQWtOEd"><a href="https://blog.phzh.ch/schulfuehrung/2021/11/09/die-neue-krise-der-erziehung/">Die (neue) Krise der Erziehung</a></blockquote><iframe sandbox="allow-scripts" security="restricted" src="https://blog.phzh.ch/schulfuehrung/2021/11/09/die-neue-krise-der-erziehung/embed/#?secret=ykOoQWtOEd" width="600" height="338" title="&#8222;Die (neue) Krise der Erziehung&#8220; &#8211; Schulführung" data-secret="ykOoQWtOEd" frameborder="0" marginwidth="0" marginheight="0" scrolling="no" class="wp-embedded-content"></iframe><script>
/*! This file is auto-generated */
!function(d,l){"use strict";l.querySelector&&d.addEventListener&&"undefined"!=typeof URL&&(d.wp=d.wp||{},d.wp.receiveEmbedMessage||(d.wp.receiveEmbedMessage=function(e){var t=e.data;if((t||t.secret||t.message||t.value)&&!/[^a-zA-Z0-9]/.test(t.secret)){for(var s,r,n,a=l.querySelectorAll('iframe[data-secret="'+t.secret+'"]'),o=l.querySelectorAll('blockquote[data-secret="'+t.secret+'"]'),c=new RegExp("^https?:$","i"),i=0;i<o.length;i++)o[i].style.display="none";for(i=0;i<a.length;i++)s=a[i],e.source===s.contentWindow&&(s.removeAttribute("style"),"height"===t.message?(1e3<(r=parseInt(t.value,10))?r=1e3:~~r<200&&(r=200),s.height=r):"link"===t.message&&(r=new URL(s.getAttribute("src")),n=new URL(t.value),c.test(n.protocol))&&n.host===r.host&&l.activeElement===s&&(d.top.location.href=t.value))}},d.addEventListener("message",d.wp.receiveEmbedMessage,!1),l.addEventListener("DOMContentLoaded",function(){for(var e,t,s=l.querySelectorAll("iframe.wp-embedded-content"),r=0;r<s.length;r++)(t=(e=s[r]).getAttribute("data-secret"))||(t=Math.random().toString(36).substring(2,12),e.src+="#?secret="+t,e.setAttribute("data-secret",t)),e.contentWindow.postMessage({message:"ready",secret:t},"*")},!1)))}(window,document);
</script>

Es ist wichtig, den operativen Rahmen von Schulführung regelmässig zu erweitern. Die Kritik an den Schulen ist populär, baut aber mitunter auf Defizitdiskursen auf. Es lohnt sich, den Problemraum zu erweitern, bis hin zu Hannah Arendt, die sich deutlich zu einer damaligen Krise der Erziehung geäussert hat. Und heute? Thomas Marti mit dem 1. Teil &hellip; weiterlesen
