{"version":"1.0","provider_name":"Schulf\u00fchrung","provider_url":"https:\/\/blog.phzh.ch\/schulfuehrung","title":"Vor der Integration kommt die St\u00e4rkung der Familien - Schulf\u00fchrung","type":"rich","width":600,"height":338,"html":"<blockquote class=\"wp-embedded-content\" data-secret=\"RBtFUZ27CP\"><a href=\"https:\/\/blog.phzh.ch\/schulfuehrung\/2019\/03\/22\/vor-der-integration-kommt-die-staerkung-der-familien\/\">Vor der Integration kommt die St\u00e4rkung der Familien<\/a><\/blockquote><iframe sandbox=\"allow-scripts\" security=\"restricted\" src=\"https:\/\/blog.phzh.ch\/schulfuehrung\/2019\/03\/22\/vor-der-integration-kommt-die-staerkung-der-familien\/embed\/#?secret=RBtFUZ27CP\" width=\"600\" height=\"338\" title=\"&#8222;Vor der Integration kommt die St\u00e4rkung der Familien&#8220; &#8211; Schulf\u00fchrung\" data-secret=\"RBtFUZ27CP\" frameborder=\"0\" marginwidth=\"0\" marginheight=\"0\" scrolling=\"no\" class=\"wp-embedded-content\"><\/iframe><script>\n\/*! This file is auto-generated *\/\n!function(d,l){\"use strict\";l.querySelector&&d.addEventListener&&\"undefined\"!=typeof URL&&(d.wp=d.wp||{},d.wp.receiveEmbedMessage||(d.wp.receiveEmbedMessage=function(e){var t=e.data;if((t||t.secret||t.message||t.value)&&!\/[^a-zA-Z0-9]\/.test(t.secret)){for(var s,r,n,a=l.querySelectorAll('iframe[data-secret=\"'+t.secret+'\"]'),o=l.querySelectorAll('blockquote[data-secret=\"'+t.secret+'\"]'),c=new RegExp(\"^https?:$\",\"i\"),i=0;i<o.length;i++)o[i].style.display=\"none\";for(i=0;i<a.length;i++)s=a[i],e.source===s.contentWindow&&(s.removeAttribute(\"style\"),\"height\"===t.message?(1e3<(r=parseInt(t.value,10))?r=1e3:~~r<200&&(r=200),s.height=r):\"link\"===t.message&&(r=new URL(s.getAttribute(\"src\")),n=new URL(t.value),c.test(n.protocol))&&n.host===r.host&&l.activeElement===s&&(d.top.location.href=t.value))}},d.addEventListener(\"message\",d.wp.receiveEmbedMessage,!1),l.addEventListener(\"DOMContentLoaded\",function(){for(var e,t,s=l.querySelectorAll(\"iframe.wp-embedded-content\"),r=0;r<s.length;r++)(t=(e=s[r]).getAttribute(\"data-secret\"))||(t=Math.random().toString(36).substring(2,12),e.src+=\"#?secret=\"+t,e.setAttribute(\"data-secret\",t)),e.contentWindow.postMessage({message:\"ready\",secret:t},\"*\")},!1)))}(window,document);\n<\/script>\n","thumbnail_url":"https:\/\/blog.phzh.ch\/schulfuehrung\/files\/2019\/03\/MFA.jpg","thumbnail_width":1991,"thumbnail_height":1081,"description":"Die Arbeit mit den Eltern kann die Integration von verhaltensauff\u00e4lligen Sch\u00fclerinnen und Sch\u00fclern f\u00f6rdern und einschneidende Interventionen, zum Beispiel der Kesb ersparen. Wie kann man Sch\u00fclerinnen und Sch\u00fcler mit Schwierigkeiten im sozial-emotionalen Bereich integrieren? Nach unserer Erfahrung an der Tagesschule Oberglatt muss man dazu den Blick auf die Familien ausweiten und diese st\u00e4rken. Die Tagesschule &hellip; weiterlesen"}

Schulführung

Vor der Integration kommt die Stärkung der Familien - Schulführung

<blockquote class="wp-embedded-content" data-secret="RBtFUZ27CP"><a href="https://blog.phzh.ch/schulfuehrung/2019/03/22/vor-der-integration-kommt-die-staerkung-der-familien/">Vor der Integration kommt die Stärkung der Familien</a></blockquote><iframe sandbox="allow-scripts" security="restricted" src="https://blog.phzh.ch/schulfuehrung/2019/03/22/vor-der-integration-kommt-die-staerkung-der-familien/embed/#?secret=RBtFUZ27CP" width="600" height="338" title="&#8222;Vor der Integration kommt die Stärkung der Familien&#8220; &#8211; Schulführung" data-secret="RBtFUZ27CP" frameborder="0" marginwidth="0" marginheight="0" scrolling="no" class="wp-embedded-content"></iframe><script>
/*! This file is auto-generated */
!function(d,l){"use strict";l.querySelector&&d.addEventListener&&"undefined"!=typeof URL&&(d.wp=d.wp||{},d.wp.receiveEmbedMessage||(d.wp.receiveEmbedMessage=function(e){var t=e.data;if((t||t.secret||t.message||t.value)&&!/[^a-zA-Z0-9]/.test(t.secret)){for(var s,r,n,a=l.querySelectorAll('iframe[data-secret="'+t.secret+'"]'),o=l.querySelectorAll('blockquote[data-secret="'+t.secret+'"]'),c=new RegExp("^https?:$","i"),i=0;i<o.length;i++)o[i].style.display="none";for(i=0;i<a.length;i++)s=a[i],e.source===s.contentWindow&&(s.removeAttribute("style"),"height"===t.message?(1e3<(r=parseInt(t.value,10))?r=1e3:~~r<200&&(r=200),s.height=r):"link"===t.message&&(r=new URL(s.getAttribute("src")),n=new URL(t.value),c.test(n.protocol))&&n.host===r.host&&l.activeElement===s&&(d.top.location.href=t.value))}},d.addEventListener("message",d.wp.receiveEmbedMessage,!1),l.addEventListener("DOMContentLoaded",function(){for(var e,t,s=l.querySelectorAll("iframe.wp-embedded-content"),r=0;r<s.length;r++)(t=(e=s[r]).getAttribute("data-secret"))||(t=Math.random().toString(36).substring(2,12),e.src+="#?secret="+t,e.setAttribute("data-secret",t)),e.contentWindow.postMessage({message:"ready",secret:t},"*")},!1)))}(window,document);
</script>

Die Arbeit mit den Eltern kann die Integration von verhaltensauffälligen Schülerinnen und Schülern fördern und einschneidende Interventionen, zum Beispiel der Kesb ersparen. Wie kann man Schülerinnen und Schüler mit Schwierigkeiten im sozial-emotionalen Bereich integrieren? Nach unserer Erfahrung an der Tagesschule Oberglatt muss man dazu den Blick auf die Familien ausweiten und diese stärken. Die Tagesschule &hellip; weiterlesen
