{"version":"1.0","provider_name":"biblioPHil","provider_url":"https:\/\/blog.phzh.ch\/bibliothek","title":"Bildungsgerechtigkeit und Inklusion - biblioPHil","type":"rich","width":600,"height":338,"html":"<blockquote class=\"wp-embedded-content\" data-secret=\"zu67LKwkLM\"><a href=\"https:\/\/blog.phzh.ch\/bibliothek\/2024\/07\/30\/bildungsgerechtigkeit-und-inklusion\/\">Bildungsgerechtigkeit und Inklusion<\/a><\/blockquote><iframe sandbox=\"allow-scripts\" security=\"restricted\" src=\"https:\/\/blog.phzh.ch\/bibliothek\/2024\/07\/30\/bildungsgerechtigkeit-und-inklusion\/embed\/#?secret=zu67LKwkLM\" width=\"600\" height=\"338\" title=\"&#8222;Bildungsgerechtigkeit und Inklusion&#8220; &#8211; biblioPHil\" data-secret=\"zu67LKwkLM\" frameborder=\"0\" marginwidth=\"0\" marginheight=\"0\" scrolling=\"no\" class=\"wp-embedded-content\"><\/iframe><script>\n\/*! This file is auto-generated *\/\n!function(d,l){\"use strict\";l.querySelector&&d.addEventListener&&\"undefined\"!=typeof URL&&(d.wp=d.wp||{},d.wp.receiveEmbedMessage||(d.wp.receiveEmbedMessage=function(e){var t=e.data;if((t||t.secret||t.message||t.value)&&!\/[^a-zA-Z0-9]\/.test(t.secret)){for(var s,r,n,a=l.querySelectorAll('iframe[data-secret=\"'+t.secret+'\"]'),o=l.querySelectorAll('blockquote[data-secret=\"'+t.secret+'\"]'),c=new RegExp(\"^https?:$\",\"i\"),i=0;i<o.length;i++)o[i].style.display=\"none\";for(i=0;i<a.length;i++)s=a[i],e.source===s.contentWindow&&(s.removeAttribute(\"style\"),\"height\"===t.message?(1e3<(r=parseInt(t.value,10))?r=1e3:~~r<200&&(r=200),s.height=r):\"link\"===t.message&&(r=new URL(s.getAttribute(\"src\")),n=new URL(t.value),c.test(n.protocol))&&n.host===r.host&&l.activeElement===s&&(d.top.location.href=t.value))}},d.addEventListener(\"message\",d.wp.receiveEmbedMessage,!1),l.addEventListener(\"DOMContentLoaded\",function(){for(var e,t,s=l.querySelectorAll(\"iframe.wp-embedded-content\"),r=0;r<s.length;r++)(t=(e=s[r]).getAttribute(\"data-secret\"))||(t=Math.random().toString(36).substring(2,12),e.src+=\"#?secret=\"+t,e.setAttribute(\"data-secret\",t)),e.contentWindow.postMessage({message:\"ready\",secret:t},\"*\")},!1)))}(window,document);\n<\/script>\n","description":"Im Sommer pr\u00e4sentiert die Bibliothek der PH Z\u00fcrich eine kuratierte Auswahl an Medientipps zum Thema \u00abBildungsgerechtigkeit und Inklusion\u00bb. Bestimmte Gruppen erfahren in ihrer schulischen Laufbahn bildungsbezogene Ungleichheiten. Was sind die Gr\u00fcnde daf\u00fcr? Unter anderem k\u00f6nnen erschwerte Ausgangsbedingungen k\u00f6rperlicher, psychischer, sozio\u00f6konomischer oder sprachlicher Art eine Rolle spielen. Hier setzen Prozesse der Bildungsgerechtigkeit und Inklusion an: Ausgehend &hellip; weiterlesen","thumbnail_url":"https:\/\/blog.phzh.ch\/bibliothek\/files\/2024\/06\/Bildungsgerechtigkeit-I-1024x684.jpg"}

Im Sommer präsentiert die Bibliothek der PH Zürich eine kuratierte Auswahl an Medientipps zum Thema «Bildungsgerechtigkeit und Inklusion». Bestimmte Gruppen erfahren in ihrer schulischen Laufbahn bildungsbezogene Ungleichheiten. Was sind die Gründe dafür? Unter anderem können erschwerte Ausgangsbedingungen körperlicher, psychischer, sozioökonomischer oder sprachlicher Art eine Rolle spielen. Hier setzen Prozesse der Bildungsgerechtigkeit und Inklusion an: Ausgehend &hellip; weiterlesen
