{"version":"1.0","provider_name":"biblioPHil","provider_url":"https:\/\/blog.phzh.ch\/bibliothek","title":"Thema \u00abIn Beziehung treten\u00bb - biblioPHil","type":"rich","width":600,"height":338,"html":"<blockquote class=\"wp-embedded-content\" data-secret=\"YF80dDAljg\"><a href=\"https:\/\/blog.phzh.ch\/bibliothek\/2023\/01\/25\/thema-in-beziehung-treten\/\">Thema \u00abIn Beziehung treten\u00bb<\/a><\/blockquote><iframe sandbox=\"allow-scripts\" security=\"restricted\" src=\"https:\/\/blog.phzh.ch\/bibliothek\/2023\/01\/25\/thema-in-beziehung-treten\/embed\/#?secret=YF80dDAljg\" width=\"600\" height=\"338\" title=\"&#8222;Thema \u00abIn Beziehung treten\u00bb&#8220; &#8211; biblioPHil\" data-secret=\"YF80dDAljg\" frameborder=\"0\" marginwidth=\"0\" marginheight=\"0\" scrolling=\"no\" class=\"wp-embedded-content\"><\/iframe><script>\n\/*! This file is auto-generated *\/\n!function(d,l){\"use strict\";l.querySelector&&d.addEventListener&&\"undefined\"!=typeof URL&&(d.wp=d.wp||{},d.wp.receiveEmbedMessage||(d.wp.receiveEmbedMessage=function(e){var t=e.data;if((t||t.secret||t.message||t.value)&&!\/[^a-zA-Z0-9]\/.test(t.secret)){for(var s,r,n,a=l.querySelectorAll('iframe[data-secret=\"'+t.secret+'\"]'),o=l.querySelectorAll('blockquote[data-secret=\"'+t.secret+'\"]'),c=new RegExp(\"^https?:$\",\"i\"),i=0;i<o.length;i++)o[i].style.display=\"none\";for(i=0;i<a.length;i++)s=a[i],e.source===s.contentWindow&&(s.removeAttribute(\"style\"),\"height\"===t.message?(1e3<(r=parseInt(t.value,10))?r=1e3:~~r<200&&(r=200),s.height=r):\"link\"===t.message&&(r=new URL(s.getAttribute(\"src\")),n=new URL(t.value),c.test(n.protocol))&&n.host===r.host&&l.activeElement===s&&(d.top.location.href=t.value))}},d.addEventListener(\"message\",d.wp.receiveEmbedMessage,!1),l.addEventListener(\"DOMContentLoaded\",function(){for(var e,t,s=l.querySelectorAll(\"iframe.wp-embedded-content\"),r=0;r<s.length;r++)(t=(e=s[r]).getAttribute(\"data-secret\"))||(t=Math.random().toString(36).substring(2,12),e.src+=\"#?secret=\"+t,e.setAttribute(\"data-secret\",t)),e.contentWindow.postMessage({message:\"ready\",secret:t},\"*\")},!1)))}(window,document);\n<\/script>\n","description":"Der Tag der Lehre findet am 26. und 27. Januar statt. Passend zum Thema \u00abIn Beziehung treten \u2013 Anerkennung und Resonanz in der Hochschullehre\u00bb lohnt sich die Lekt\u00fcre folgender Titel aus der digitalen Bibliothek. Der Tag der Lehre ist ein j\u00e4hrlicher hochschulweiter Austausch mit dem Ziel, die Lehrentwicklung und Zusammenarbeit unter den Lehrenden zu f\u00f6rdern. &hellip; weiterlesen","thumbnail_url":"https:\/\/blog.phzh.ch\/bibliothek\/files\/2023\/01\/Header-Tag-der-Lehre_2023_AGO-gelb-1024x285.jpg"}

Der Tag der Lehre findet am 26. und 27. Januar statt. Passend zum Thema «In Beziehung treten – Anerkennung und Resonanz in der Hochschullehre» lohnt sich die Lektüre folgender Titel aus der digitalen Bibliothek. Der Tag der Lehre ist ein jährlicher hochschulweiter Austausch mit dem Ziel, die Lehrentwicklung und Zusammenarbeit unter den Lehrenden zu fördern. &hellip; weiterlesen
